{"id":10312,"date":"2024-10-03T09:24:06","date_gmt":"2024-10-03T08:24:06","guid":{"rendered":"https:\/\/sevica.es\/politica-ambiental\/"},"modified":"2024-10-03T14:21:54","modified_gmt":"2024-10-03T13:21:54","slug":"politica-ambiental","status":"publish","type":"page","link":"https:\/\/sevica.es\/fr\/politica-ambiental\/","title":{"rendered":"Pol\u00edtica Ambiental FR"},"content":{"rendered":"\t\t<div data-elementor-type=\"wp-page\" data-elementor-id=\"10312\" class=\"elementor elementor-10312 elementor-10283\" data-elementor-post-type=\"page\">\n\t\t\t\t\t\t<section class=\"elementor-section elementor-top-section elementor-element elementor-element-e112ce5 elementor-section-boxed elementor-section-height-default elementor-section-height-default\" data-id=\"e112ce5\" data-element_type=\"section\" data-e-type=\"section\" data-settings=\"{&quot;jet_parallax_layout_list&quot;:[{&quot;jet_parallax_layout_image&quot;:{&quot;url&quot;:&quot;&quot;,&quot;id&quot;:&quot;&quot;,&quot;size&quot;:&quot;&quot;},&quot;_id&quot;:&quot;da98ca0&quot;,&quot;jet_parallax_layout_image_tablet&quot;:{&quot;url&quot;:&quot;&quot;,&quot;id&quot;:&quot;&quot;,&quot;size&quot;:&quot;&quot;},&quot;jet_parallax_layout_image_mobile&quot;:{&quot;url&quot;:&quot;&quot;,&quot;id&quot;:&quot;&quot;,&quot;size&quot;:&quot;&quot;},&quot;jet_parallax_layout_speed&quot;:{&quot;unit&quot;:&quot;%&quot;,&quot;size&quot;:50,&quot;sizes&quot;:[]},&quot;jet_parallax_layout_type&quot;:&quot;scroll&quot;,&quot;jet_parallax_layout_direction&quot;:&quot;1&quot;,&quot;jet_parallax_layout_fx_direction&quot;:null,&quot;jet_parallax_layout_z_index&quot;:&quot;&quot;,&quot;jet_parallax_layout_bg_x&quot;:50,&quot;jet_parallax_layout_bg_x_tablet&quot;:&quot;&quot;,&quot;jet_parallax_layout_bg_x_mobile&quot;:&quot;&quot;,&quot;jet_parallax_layout_bg_y&quot;:50,&quot;jet_parallax_layout_bg_y_tablet&quot;:&quot;&quot;,&quot;jet_parallax_layout_bg_y_mobile&quot;:&quot;&quot;,&quot;jet_parallax_layout_bg_size&quot;:&quot;auto&quot;,&quot;jet_parallax_layout_bg_size_tablet&quot;:&quot;&quot;,&quot;jet_parallax_layout_bg_size_mobile&quot;:&quot;&quot;,&quot;jet_parallax_layout_animation_prop&quot;:&quot;transform&quot;,&quot;jet_parallax_layout_on&quot;:[&quot;desktop&quot;,&quot;tablet&quot;]}]}\">\n\t\t\t\t\t\t<div class=\"elementor-container elementor-column-gap-default\">\n\t\t\t\t\t<div class=\"elementor-column elementor-col-100 elementor-top-column elementor-element elementor-element-05ede07\" data-id=\"05ede07\" data-element_type=\"column\" data-e-type=\"column\">\n\t\t\t<div class=\"elementor-widget-wrap elementor-element-populated\">\n\t\t\t\t\t\t<div class=\"elementor-element elementor-element-c89deba elementor-widget elementor-widget-html\" data-id=\"c89deba\" data-element_type=\"widget\" data-e-type=\"widget\" data-widget_type=\"html.default\">\n\t\t\t\t<div class=\"elementor-widget-container\">\n\t\t\t\t\t<h1\nstyle=\"\n    color: #42695C;\n    font-family: 'Roboto';\n    font-weight: 600;\n    font-size: 45px;\n    text-align: center;\n    margin-top: 60px;\n    margin-bottom: 50px;\n    \n\"\n    >\n    Politique environnementale\n<\/h1>\t\t\t\t<\/div>\n\t\t\t\t<\/div>\n\t\t\t\t\t<\/div>\n\t\t<\/div>\n\t\t\t\t\t<\/div>\n\t\t<\/section>\n\t\t\t\t<section class=\"elementor-section elementor-top-section elementor-element elementor-element-61773fa elementor-section-boxed elementor-section-height-default elementor-section-height-default\" data-id=\"61773fa\" data-element_type=\"section\" data-e-type=\"section\" data-settings=\"{&quot;jet_parallax_layout_list&quot;:[{&quot;jet_parallax_layout_image&quot;:{&quot;url&quot;:&quot;&quot;,&quot;id&quot;:&quot;&quot;,&quot;size&quot;:&quot;&quot;},&quot;_id&quot;:&quot;8da09ce&quot;,&quot;jet_parallax_layout_image_tablet&quot;:{&quot;url&quot;:&quot;&quot;,&quot;id&quot;:&quot;&quot;,&quot;size&quot;:&quot;&quot;},&quot;jet_parallax_layout_image_mobile&quot;:{&quot;url&quot;:&quot;&quot;,&quot;id&quot;:&quot;&quot;,&quot;size&quot;:&quot;&quot;},&quot;jet_parallax_layout_speed&quot;:{&quot;unit&quot;:&quot;%&quot;,&quot;size&quot;:50,&quot;sizes&quot;:[]},&quot;jet_parallax_layout_type&quot;:&quot;scroll&quot;,&quot;jet_parallax_layout_direction&quot;:&quot;1&quot;,&quot;jet_parallax_layout_fx_direction&quot;:null,&quot;jet_parallax_layout_z_index&quot;:&quot;&quot;,&quot;jet_parallax_layout_bg_x&quot;:50,&quot;jet_parallax_layout_bg_x_tablet&quot;:&quot;&quot;,&quot;jet_parallax_layout_bg_x_mobile&quot;:&quot;&quot;,&quot;jet_parallax_layout_bg_y&quot;:50,&quot;jet_parallax_layout_bg_y_tablet&quot;:&quot;&quot;,&quot;jet_parallax_layout_bg_y_mobile&quot;:&quot;&quot;,&quot;jet_parallax_layout_bg_size&quot;:&quot;auto&quot;,&quot;jet_parallax_layout_bg_size_tablet&quot;:&quot;&quot;,&quot;jet_parallax_layout_bg_size_mobile&quot;:&quot;&quot;,&quot;jet_parallax_layout_animation_prop&quot;:&quot;transform&quot;,&quot;jet_parallax_layout_on&quot;:[&quot;desktop&quot;,&quot;tablet&quot;]}]}\">\n\t\t\t\t\t\t<div class=\"elementor-container elementor-column-gap-default\">\n\t\t\t\t\t<div class=\"elementor-column elementor-col-100 elementor-top-column elementor-element elementor-element-88d1d8c\" data-id=\"88d1d8c\" data-element_type=\"column\" data-e-type=\"column\">\n\t\t\t<div class=\"elementor-widget-wrap elementor-element-populated\">\n\t\t\t\t\t\t<div class=\"elementor-element elementor-element-70ef9b7 elementor-widget elementor-widget-heading\" data-id=\"70ef9b7\" data-element_type=\"widget\" data-e-type=\"widget\" data-widget_type=\"heading.default\">\n\t\t\t\t<div class=\"elementor-widget-container\">\n\t\t\t\t\t<h2 class=\"elementor-heading-title elementor-size-default\">ANNEXE C : POLITIQUE DE QUALIT\u00c9 et ENVIRONNEMENTALE<\/h2>\t\t\t\t<\/div>\n\t\t\t\t<\/div>\n\t\t\t\t<div class=\"elementor-element elementor-element-74abcac elementor-widget elementor-widget-text-editor\" data-id=\"74abcac\" data-element_type=\"widget\" data-e-type=\"widget\" data-widget_type=\"text-editor.default\">\n\t\t\t\t<div class=\"elementor-widget-container\">\n\t\t\t\t\t\t\t\t\t<p>THOMLOGIS, S.L. a mis en place un syst\u00e8me int\u00e9gr\u00e9 de gestion de la qualit\u00e9 et de l&rsquo;environnement conform\u00e9ment aux normes UNE EN ISO 9001:2015 et UNE EN ISO 14001:2015 ; pour l&rsquo;ex\u00e9cution du commerce \u00e9lectronique, la pr\u00e9paration des commandes au d\u00e9tail, la gestion des stocks, la manipulation des produits, qui fournit un cadre de r\u00e9f\u00e9rence pour atteindre la satisfaction des exigences et des attentes de nos clients.<\/p><p>THOMLOGIS, S.L. dispose d&rsquo;un syst\u00e8me de gestion int\u00e9gr\u00e9 et d&rsquo;une infrastructure ad\u00e9quate qui nous permet d&rsquo;offrir des services de QUALIT\u00c9 et d&rsquo;ENVIRONNEMENT, contribuant ainsi \u00e0 g\u00e9n\u00e9rer une valeur ajout\u00e9e pour nos clients ainsi que pour l&rsquo;entreprise elle-m\u00eame.<\/p><p>Nous voulons \u00eatre une entreprise de r\u00e9f\u00e9rence dans nos domaines d&rsquo;activit\u00e9. L&rsquo;excellence dans la prestation de services, l&rsquo;innovation visant \u00e0 l&rsquo;am\u00e9lioration continue et la promotion du dialogue et de l&rsquo;engagement avec les parties prenantes font partie de la strat\u00e9gie \u00e0 suivre.<\/p><p>La m\u00e9thodologie de travail favorise la meilleure prestation de services, en fournissant une assistance rapide et efficace au client en cas de besoin, tout en permettant de respecter toutes les exigences applicables, qu&rsquo;elles soient l\u00e9gales ou souhait\u00e9es par le client lui-m\u00eame.<\/p><p>Pour toutes ces raisons, une importance particuli\u00e8re est accord\u00e9e \u00e0 l&rsquo;orientation du client afin de comprendre ses besoins, \u00e0 l&rsquo;adaptation aux changements, \u00e0 la r\u00e9duction des risques et \u00e0 la formation continue, \u00e0 la sensibilisation et \u00e0 la motivation de notre personnel quant \u00e0 l&rsquo;importance de la qualit\u00e9 et de l&rsquo;environnement.<\/p><p>La politique de qualit\u00e9 et d&rsquo;environnement, qui est tenue \u00e0 jour, est communiqu\u00e9e \u00e0 tout le personnel de l&rsquo;organisation et mise \u00e0 la disposition des parties int\u00e9ress\u00e9es. Elle constitue le cadre pour la r\u00e9alisation de nos objectifs en mati\u00e8re de qualit\u00e9 et d&rsquo;environnement afin de parvenir \u00e0 l&rsquo;am\u00e9lioration continue de tous nos processus.<\/p>\t\t\t\t\t\t\t\t<\/div>\n\t\t\t\t<\/div>\n\t\t\t\t\t<\/div>\n\t\t<\/div>\n\t\t\t\t\t<\/div>\n\t\t<\/section>\n\t\t\t\t<\/div>\n\t\t","protected":false},"excerpt":{"rendered":"<p>Politique environnementale ANNEXE C : POLITIQUE DE QUALIT\u00c9 et ENVIRONNEMENTALE THOMLOGIS, S.L. a mis en place un syst\u00e8me int\u00e9gr\u00e9 de gestion de la qualit\u00e9 et de l&rsquo;environnement conform\u00e9ment aux normes UNE EN ISO 9001:2015 et UNE EN ISO 14001:2015 ; pour l&rsquo;ex\u00e9cution du commerce \u00e9lectronique, la pr\u00e9paration des commandes au d\u00e9tail, la gestion des stocks, [&hellip;]<\/p>\n","protected":false},"author":5,"featured_media":0,"parent":0,"menu_order":0,"comment_status":"closed","ping_status":"closed","template":"","meta":{"_acf_changed":false,"content-type":"","inline_featured_image":false,"footnotes":""},"class_list":["post-10312","page","type-page","status-publish","hentry"],"acf":[],"_links":{"self":[{"href":"https:\/\/sevica.es\/fr\/wp-json\/wp\/v2\/pages\/10312","targetHints":{"allow":["GET"]}}],"collection":[{"href":"https:\/\/sevica.es\/fr\/wp-json\/wp\/v2\/pages"}],"about":[{"href":"https:\/\/sevica.es\/fr\/wp-json\/wp\/v2\/types\/page"}],"author":[{"embeddable":true,"href":"https:\/\/sevica.es\/fr\/wp-json\/wp\/v2\/users\/5"}],"replies":[{"embeddable":true,"href":"https:\/\/sevica.es\/fr\/wp-json\/wp\/v2\/comments?post=10312"}],"version-history":[{"count":4,"href":"https:\/\/sevica.es\/fr\/wp-json\/wp\/v2\/pages\/10312\/revisions"}],"predecessor-version":[{"id":10323,"href":"https:\/\/sevica.es\/fr\/wp-json\/wp\/v2\/pages\/10312\/revisions\/10323"}],"wp:attachment":[{"href":"https:\/\/sevica.es\/fr\/wp-json\/wp\/v2\/media?parent=10312"}],"curies":[{"name":"wp","href":"https:\/\/api.w.org\/{rel}","templated":true}]}}

Política Ambiental FR

<div data-elementor-type="wp-page" data-elementor-id="10312" class="elementor elementor-10312 elementor-10283" data-elementor-post-type="page">
						<section class="elementor-section elementor-top-section elementor-element elementor-element-e112ce5 elementor-section-boxed elementor-section-height-default elementor-section-height-default" data-id="e112ce5" data-element_type="section" data-e-type="section" data-settings="{&quot;jet_parallax_layout_list&quot;:[{&quot;jet_parallax_layout_image&quot;:{&quot;url&quot;:&quot;&quot;,&quot;id&quot;:&quot;&quot;,&quot;size&quot;:&quot;&quot;},&quot;_id&quot;:&quot;da98ca0&quot;,&quot;jet_parallax_layout_image_tablet&quot;:{&quot;url&quot;:&quot;&quot;,&quot;id&quot;:&quot;&quot;,&quot;size&quot;:&quot;&quot;},&quot;jet_parallax_layout_image_mobile&quot;:{&quot;url&quot;:&quot;&quot;,&quot;id&quot;:&quot;&quot;,&quot;size&quot;:&quot;&quot;},&quot;jet_parallax_layout_speed&quot;:{&quot;unit&quot;:&quot;%&quot;,&quot;size&quot;:50,&quot;sizes&quot;:[]},&quot;jet_parallax_layout_type&quot;:&quot;scroll&quot;,&quot;jet_parallax_layout_direction&quot;:&quot;1&quot;,&quot;jet_parallax_layout_fx_direction&quot;:null,&quot;jet_parallax_layout_z_index&quot;:&quot;&quot;,&quot;jet_parallax_layout_bg_x&quot;:50,&quot;jet_parallax_layout_bg_x_tablet&quot;:&quot;&quot;,&quot;jet_parallax_layout_bg_x_mobile&quot;:&quot;&quot;,&quot;jet_parallax_layout_bg_y&quot;:50,&quot;jet_parallax_layout_bg_y_tablet&quot;:&quot;&quot;,&quot;jet_parallax_layout_bg_y_mobile&quot;:&quot;&quot;,&quot;jet_parallax_layout_bg_size&quot;:&quot;auto&quot;,&quot;jet_parallax_layout_bg_size_tablet&quot;:&quot;&quot;,&quot;jet_parallax_layout_bg_size_mobile&quot;:&quot;&quot;,&quot;jet_parallax_layout_animation_prop&quot;:&quot;transform&quot;,&quot;jet_parallax_layout_on&quot;:[&quot;desktop&quot;,&quot;tablet&quot;]}]}">
						<div class="elementor-container elementor-column-gap-default">
					<div class="elementor-column elementor-col-100 elementor-top-column elementor-element elementor-element-05ede07" data-id="05ede07" data-element_type="column" data-e-type="column">
			<div class="elementor-widget-wrap elementor-element-populated">
						<div class="elementor-element elementor-element-c89deba elementor-widget elementor-widget-html" data-id="c89deba" data-element_type="widget" data-e-type="widget" data-widget_type="html.default">
				<div class="elementor-widget-container">
					<h1
style="
    color: #42695C;
    font-family: 'Roboto';
    font-weight: 600;
    font-size: 45px;
    text-align: center;
    margin-top: 60px;
    margin-bottom: 50px;
    
"
    >
    Politique environnementale
</h1>				</div>
				</div>
					</div>
		</div>
					</div>
		</section>
				<section class="elementor-section elementor-top-section elementor-element elementor-element-61773fa elementor-section-boxed elementor-section-height-default elementor-section-height-default" data-id="61773fa" data-element_type="section" data-e-type="section" data-settings="{&quot;jet_parallax_layout_list&quot;:[{&quot;jet_parallax_layout_image&quot;:{&quot;url&quot;:&quot;&quot;,&quot;id&quot;:&quot;&quot;,&quot;size&quot;:&quot;&quot;},&quot;_id&quot;:&quot;8da09ce&quot;,&quot;jet_parallax_layout_image_tablet&quot;:{&quot;url&quot;:&quot;&quot;,&quot;id&quot;:&quot;&quot;,&quot;size&quot;:&quot;&quot;},&quot;jet_parallax_layout_image_mobile&quot;:{&quot;url&quot;:&quot;&quot;,&quot;id&quot;:&quot;&quot;,&quot;size&quot;:&quot;&quot;},&quot;jet_parallax_layout_speed&quot;:{&quot;unit&quot;:&quot;%&quot;,&quot;size&quot;:50,&quot;sizes&quot;:[]},&quot;jet_parallax_layout_type&quot;:&quot;scroll&quot;,&quot;jet_parallax_layout_direction&quot;:&quot;1&quot;,&quot;jet_parallax_layout_fx_direction&quot;:null,&quot;jet_parallax_layout_z_index&quot;:&quot;&quot;,&quot;jet_parallax_layout_bg_x&quot;:50,&quot;jet_parallax_layout_bg_x_tablet&quot;:&quot;&quot;,&quot;jet_parallax_layout_bg_x_mobile&quot;:&quot;&quot;,&quot;jet_parallax_layout_bg_y&quot;:50,&quot;jet_parallax_layout_bg_y_tablet&quot;:&quot;&quot;,&quot;jet_parallax_layout_bg_y_mobile&quot;:&quot;&quot;,&quot;jet_parallax_layout_bg_size&quot;:&quot;auto&quot;,&quot;jet_parallax_layout_bg_size_tablet&quot;:&quot;&quot;,&quot;jet_parallax_layout_bg_size_mobile&quot;:&quot;&quot;,&quot;jet_parallax_layout_animation_prop&quot;:&quot;transform&quot;,&quot;jet_parallax_layout_on&quot;:[&quot;desktop&quot;,&quot;tablet&quot;]}]}">
						<div class="elementor-container elementor-column-gap-default">
					<div class="elementor-column elementor-col-100 elementor-top-column elementor-element elementor-element-88d1d8c" data-id="88d1d8c" data-element_type="column" data-e-type="column">
			<div class="elementor-widget-wrap elementor-element-populated">
						<div class="elementor-element elementor-element-70ef9b7 elementor-widget elementor-widget-heading" data-id="70ef9b7" data-element_type="widget" data-e-type="widget" data-widget_type="heading.default">
				<div class="elementor-widget-container">
					<h2 class="elementor-heading-title elementor-size-default">ANNEXE C : POLITIQUE DE QUALITÉ et ENVIRONNEMENTALE</h2>				</div>
				</div>
				<div class="elementor-element elementor-element-74abcac elementor-widget elementor-widget-text-editor" data-id="74abcac" data-element_type="widget" data-e-type="widget" data-widget_type="text-editor.default">
				<div class="elementor-widget-container">
									<p>THOMLOGIS, S.L. a mis en place un système intégré de gestion de la qualité et de l&rsquo;environnement conformément aux normes UNE EN ISO 9001:2015 et UNE EN ISO 14001:2015 ; pour l&rsquo;exécution du commerce électronique, la préparation des commandes au détail, la gestion des stocks, la manipulation des produits, qui fournit un cadre de référence pour atteindre la satisfaction des exigences et des attentes de nos clients.</p><p>THOMLOGIS, S.L. dispose d&rsquo;un système de gestion intégré et d&rsquo;une infrastructure adéquate qui nous permet d&rsquo;offrir des services de QUALITÉ et d&rsquo;ENVIRONNEMENT, contribuant ainsi à générer une valeur ajoutée pour nos clients ainsi que pour l&rsquo;entreprise elle-même.</p><p>Nous voulons être une entreprise de référence dans nos domaines d&rsquo;activité. L&rsquo;excellence dans la prestation de services, l&rsquo;innovation visant à l&rsquo;amélioration continue et la promotion du dialogue et de l&rsquo;engagement avec les parties prenantes font partie de la stratégie à suivre.</p><p>La méthodologie de travail favorise la meilleure prestation de services, en fournissant une assistance rapide et efficace au client en cas de besoin, tout en permettant de respecter toutes les exigences applicables, qu&rsquo;elles soient légales ou souhaitées par le client lui-même.</p><p>Pour toutes ces raisons, une importance particulière est accordée à l&rsquo;orientation du client afin de comprendre ses besoins, à l&rsquo;adaptation aux changements, à la réduction des risques et à la formation continue, à la sensibilisation et à la motivation de notre personnel quant à l&rsquo;importance de la qualité et de l&rsquo;environnement.</p><p>La politique de qualité et d&rsquo;environnement, qui est tenue à jour, est communiquée à tout le personnel de l&rsquo;organisation et mise à la disposition des parties intéressées. Elle constitue le cadre pour la réalisation de nos objectifs en matière de qualité et d&rsquo;environnement afin de parvenir à l&rsquo;amélioration continue de tous nos processus.</p>								</div>
				</div>
					</div>
		</div>
					</div>
		</section>
				</div>

<p>Politique environnementale ANNEXE C : POLITIQUE DE QUALITÉ et ENVIRONNEMENTALE THOMLOGIS, S.L. a mis en place un système intégré de gestion de la qualité et de l&rsquo;environnement conformément aux normes UNE EN ISO 9001:2015 et UNE EN ISO 14001:2015 ; pour l&rsquo;exécution du commerce électronique, la préparation des commandes au détail, la gestion des stocks, [&hellip;]</p>
